{"id":2427,"date":"2023-01-10T13:22:00","date_gmt":"2023-01-10T13:22:00","guid":{"rendered":"https:\/\/arkivet.no\/the-war-sailor\/"},"modified":"2024-10-24T13:01:39","modified_gmt":"2024-10-24T13:01:39","slug":"the-war-sailor","status":"publish","type":"page","link":"https:\/\/arkivet.no\/en\/the-war-sailor\/","title":{"rendered":"The War Sailor"},"content":{"rendered":"\n<div class=\"wp-block-columns alignwide is-layout-flex wp-container-core-columns-is-layout-28f84493 wp-block-columns-is-layout-flex\">\n<div class=\"wp-block-column is-layout-flow wp-block-column-is-layout-flow\" style=\"flex-basis:60%\">\n<h1 class=\"wp-block-heading wp-embed-aspect-16-9 wp-has-aspect-ratio\">The Outdoor Exhibition &#8216;The War Sailor&#8217;<\/h1>\n\n\n\n<figure class=\"wp-block-image size-large\"><img loading=\"lazy\" decoding=\"async\" width=\"1024\" height=\"683\" src=\"https:\/\/d12tpop7vdv54s.cloudfront.net\/wp-content\/uploads\/2024\/09\/19103313\/utstilling_krigsseileren-1024x683.jpg\" alt=\"\" class=\"wp-image-601\" srcset=\"https:\/\/d12tpop7vdv54s.cloudfront.net\/wp-content\/uploads\/2024\/09\/19103313\/utstilling_krigsseileren-1024x683.jpg 1024w, https:\/\/d12tpop7vdv54s.cloudfront.net\/wp-content\/uploads\/2024\/09\/19103313\/utstilling_krigsseileren-300x200.jpg 300w, https:\/\/d12tpop7vdv54s.cloudfront.net\/wp-content\/uploads\/2024\/09\/19103313\/utstilling_krigsseileren-768x512.jpg 768w, https:\/\/d12tpop7vdv54s.cloudfront.net\/wp-content\/uploads\/2024\/09\/19103313\/utstilling_krigsseileren-1536x1024.jpg 1536w, https:\/\/d12tpop7vdv54s.cloudfront.net\/wp-content\/uploads\/2024\/09\/19103313\/utstilling_krigsseileren-2048x1365.jpg 2048w\" sizes=\"auto, (max-width: 1024px) 100vw, 1024px\" \/><\/figure>\n\n\n\n<p class=\"wp-embed-aspect-16-9 wp-has-aspect-ratio is-style-lead\">The exhibition is located outside ARKIVET and conveys the history of the war sailors, in light of the feature film \u2018The War Sailor,\u2019 which was released in the autumn of 2022.<\/p>\n\n\n\n<p class=\"wp-embed-aspect-16-9 wp-has-aspect-ratio\">On September 15, 2022, the blockbuster film \u2018Krigsseileren\u2019 had its grand premiere in Kristiansand. The film was made to honor the more than 30,000 war sailors and their families. It tells the story of one family&#8217;s fate before, during, and after World War II. The outdoor exhibition is based on the film, and historians from the Norwegian Center for War Sailor History have contributed to the texts.   <\/p>\n<\/div>\n\n\n\n<div class=\"wp-block-column is-layout-flow wp-block-column-is-layout-flow\" style=\"flex-basis:33.33%\"><\/div>\n<\/div>\n","protected":false},"excerpt":{"rendered":"<p>The Outdoor Exhibition &#8216;The War Sailor&#8217; The exhibition is located outside ARKIVET and conveys the history of the war sailors, in light of the feature film \u2018The War Sailor,\u2019 which was released in the autumn of 2022. On September 15, 2022, the blockbuster film \u2018Krigsseileren\u2019 had its grand premiere in Kristiansand. The film was made &hellip; <a href=\"https:\/\/arkivet.no\/en\/the-war-sailor\/\">Continued<\/a><\/p>\n","protected":false},"author":2,"featured_media":602,"parent":0,"menu_order":0,"comment_status":"closed","ping_status":"closed","template":"","meta":{"_acf_changed":false,"inline_featured_image":false,"footnotes":""},"class_list":["post-2427","page","type-page","status-publish","has-post-thumbnail","hentry"],"acf":[],"yoast_head":"<!-- This site is optimized with the Yoast SEO plugin v27.5 - https:\/\/yoast.com\/product\/yoast-seo-wordpress\/ -->\n<title>The War Sailor - Arkivet<\/title>\n<meta name=\"robots\" content=\"index, follow, max-snippet:-1, max-image-preview:large, max-video-preview:-1\" \/>\n<link rel=\"canonical\" href=\"https:\/\/arkivet.no\/krigsseileren\/\" \/>\n<meta property=\"og:locale\" content=\"en_US\" \/>\n<meta property=\"og:type\" content=\"article\" \/>\n<meta property=\"og:title\" content=\"The War Sailor - Arkivet\" \/>\n<meta property=\"og:description\" content=\"The Outdoor Exhibition &#8216;The War Sailor&#8217; The exhibition is located outside ARKIVET and conveys the history of the war sailors, in light of the feature film \u2018The War Sailor,\u2019 which was released in the autumn of 2022. On September 15, 2022, the blockbuster film \u2018Krigsseileren\u2019 had its grand premiere in Kristiansand. The film was made &hellip; Continued\" \/>\n<meta property=\"og:url\" content=\"https:\/\/arkivet.no\/krigsseileren\/\" \/>\n<meta property=\"og:site_name\" content=\"Arkivet\" \/>\n<meta property=\"article:modified_time\" content=\"2024-10-24T13:01:39+00:00\" \/>\n<meta property=\"og:image\" content=\"https:\/\/d12tpop7vdv54s.cloudfront.net\/wp-content\/uploads\/2024\/09\/19103313\/utstilling_krigsseileren-scaled.jpg\" \/>\n\t<meta property=\"og:image:width\" content=\"2560\" \/>\n\t<meta property=\"og:image:height\" content=\"1707\" \/>\n\t<meta property=\"og:image:type\" content=\"image\/jpeg\" \/>\n<meta name=\"twitter:card\" content=\"summary_large_image\" \/>\n<meta name=\"twitter:label1\" content=\"Est. reading time\" \/>\n\t<meta name=\"twitter:data1\" content=\"1 minute\" \/>\n<script type=\"application\/ld+json\" class=\"yoast-schema-graph\">{\"@context\":\"https:\\\/\\\/schema.org\",\"@graph\":[{\"@type\":\"WebPage\",\"@id\":\"https:\\\/\\\/arkivet.no\\\/krigsseileren\\\/\",\"url\":\"https:\\\/\\\/arkivet.no\\\/krigsseileren\\\/\",\"name\":\"The War Sailor - Arkivet\",\"isPartOf\":{\"@id\":\"https:\\\/\\\/arkivet.no\\\/#website\"},\"primaryImageOfPage\":{\"@id\":\"https:\\\/\\\/arkivet.no\\\/krigsseileren\\\/#primaryimage\"},\"image\":{\"@id\":\"https:\\\/\\\/arkivet.no\\\/krigsseileren\\\/#primaryimage\"},\"thumbnailUrl\":\"https:\\\/\\\/d12tpop7vdv54s.cloudfront.net\\\/wp-content\\\/uploads\\\/2024\\\/09\\\/19103313\\\/utstilling_krigsseileren-scaled.jpg\",\"datePublished\":\"2023-01-10T13:22:00+00:00\",\"dateModified\":\"2024-10-24T13:01:39+00:00\",\"breadcrumb\":{\"@id\":\"https:\\\/\\\/arkivet.no\\\/krigsseileren\\\/#breadcrumb\"},\"inLanguage\":\"en-US\",\"potentialAction\":[{\"@type\":\"ReadAction\",\"target\":[\"https:\\\/\\\/arkivet.no\\\/krigsseileren\\\/\"]}]},{\"@type\":\"ImageObject\",\"inLanguage\":\"en-US\",\"@id\":\"https:\\\/\\\/arkivet.no\\\/krigsseileren\\\/#primaryimage\",\"url\":\"https:\\\/\\\/d12tpop7vdv54s.cloudfront.net\\\/wp-content\\\/uploads\\\/2024\\\/09\\\/19103313\\\/utstilling_krigsseileren-scaled.jpg\",\"contentUrl\":\"https:\\\/\\\/d12tpop7vdv54s.cloudfront.net\\\/wp-content\\\/uploads\\\/2024\\\/09\\\/19103313\\\/utstilling_krigsseileren-scaled.jpg\",\"width\":2560,\"height\":1707,\"caption\":\"n\u00e6rbilde av tekst om kvinnelige krigsseilere p\u00e5 tekstplansje i utend\u00f8rsutstillingen \\\"Krigsseileren\\\" utenfor ARKIVET\"},{\"@type\":\"BreadcrumbList\",\"@id\":\"https:\\\/\\\/arkivet.no\\\/krigsseileren\\\/#breadcrumb\",\"itemListElement\":[{\"@type\":\"ListItem\",\"position\":1,\"name\":\"Home\",\"item\":\"https:\\\/\\\/arkivet.no\\\/en\\\/\"},{\"@type\":\"ListItem\",\"position\":2,\"name\":\"The War Sailor\"}]},{\"@type\":\"WebSite\",\"@id\":\"https:\\\/\\\/arkivet.no\\\/#website\",\"url\":\"https:\\\/\\\/arkivet.no\\\/\",\"name\":\"Arkivet\",\"description\":\"\",\"publisher\":{\"@id\":\"https:\\\/\\\/arkivet.no\\\/#organization\"},\"potentialAction\":[{\"@type\":\"SearchAction\",\"target\":{\"@type\":\"EntryPoint\",\"urlTemplate\":\"https:\\\/\\\/arkivet.no\\\/?s={search_term_string}\"},\"query-input\":{\"@type\":\"PropertyValueSpecification\",\"valueRequired\":true,\"valueName\":\"search_term_string\"}}],\"inLanguage\":\"en-US\"},{\"@type\":\"Organization\",\"@id\":\"https:\\\/\\\/arkivet.no\\\/#organization\",\"name\":\"Arkivet\",\"url\":\"https:\\\/\\\/arkivet.no\\\/\",\"logo\":{\"@type\":\"ImageObject\",\"inLanguage\":\"en-US\",\"@id\":\"https:\\\/\\\/arkivet.no\\\/#\\\/schema\\\/logo\\\/image\\\/\",\"url\":\"https:\\\/\\\/d12tpop7vdv54s.cloudfront.net\\\/wp-content\\\/uploads\\\/2024\\\/08\\\/23110833\\\/Arkivet-logo-RGB_sort.svg\",\"contentUrl\":\"https:\\\/\\\/d12tpop7vdv54s.cloudfront.net\\\/wp-content\\\/uploads\\\/2024\\\/08\\\/23110833\\\/Arkivet-logo-RGB_sort.svg\",\"caption\":\"Arkivet\"},\"image\":{\"@id\":\"https:\\\/\\\/arkivet.no\\\/#\\\/schema\\\/logo\\\/image\\\/\"}}]}<\/script>\n<!-- \/ Yoast SEO plugin. -->","yoast_head_json":{"title":"The War Sailor - Arkivet","robots":{"index":"index","follow":"follow","max-snippet":"max-snippet:-1","max-image-preview":"max-image-preview:large","max-video-preview":"max-video-preview:-1"},"canonical":"https:\/\/arkivet.no\/krigsseileren\/","og_locale":"en_US","og_type":"article","og_title":"The War Sailor - Arkivet","og_description":"The Outdoor Exhibition &#8216;The War Sailor&#8217; The exhibition is located outside ARKIVET and conveys the history of the war sailors, in light of the feature film \u2018The War Sailor,\u2019 which was released in the autumn of 2022. On September 15, 2022, the blockbuster film \u2018Krigsseileren\u2019 had its grand premiere in Kristiansand. The film was made &hellip; Continued","og_url":"https:\/\/arkivet.no\/krigsseileren\/","og_site_name":"Arkivet","article_modified_time":"2024-10-24T13:01:39+00:00","og_image":[{"width":2560,"height":1707,"url":"https:\/\/d12tpop7vdv54s.cloudfront.net\/wp-content\/uploads\/2024\/09\/19103313\/utstilling_krigsseileren-scaled.jpg","type":"image\/jpeg"}],"twitter_card":"summary_large_image","twitter_misc":{"Est. reading time":"1 minute"},"schema":{"@context":"https:\/\/schema.org","@graph":[{"@type":"WebPage","@id":"https:\/\/arkivet.no\/krigsseileren\/","url":"https:\/\/arkivet.no\/krigsseileren\/","name":"The War Sailor - Arkivet","isPartOf":{"@id":"https:\/\/arkivet.no\/#website"},"primaryImageOfPage":{"@id":"https:\/\/arkivet.no\/krigsseileren\/#primaryimage"},"image":{"@id":"https:\/\/arkivet.no\/krigsseileren\/#primaryimage"},"thumbnailUrl":"https:\/\/d12tpop7vdv54s.cloudfront.net\/wp-content\/uploads\/2024\/09\/19103313\/utstilling_krigsseileren-scaled.jpg","datePublished":"2023-01-10T13:22:00+00:00","dateModified":"2024-10-24T13:01:39+00:00","breadcrumb":{"@id":"https:\/\/arkivet.no\/krigsseileren\/#breadcrumb"},"inLanguage":"en-US","potentialAction":[{"@type":"ReadAction","target":["https:\/\/arkivet.no\/krigsseileren\/"]}]},{"@type":"ImageObject","inLanguage":"en-US","@id":"https:\/\/arkivet.no\/krigsseileren\/#primaryimage","url":"https:\/\/d12tpop7vdv54s.cloudfront.net\/wp-content\/uploads\/2024\/09\/19103313\/utstilling_krigsseileren-scaled.jpg","contentUrl":"https:\/\/d12tpop7vdv54s.cloudfront.net\/wp-content\/uploads\/2024\/09\/19103313\/utstilling_krigsseileren-scaled.jpg","width":2560,"height":1707,"caption":"n\u00e6rbilde av tekst om kvinnelige krigsseilere p\u00e5 tekstplansje i utend\u00f8rsutstillingen \"Krigsseileren\" utenfor ARKIVET"},{"@type":"BreadcrumbList","@id":"https:\/\/arkivet.no\/krigsseileren\/#breadcrumb","itemListElement":[{"@type":"ListItem","position":1,"name":"Home","item":"https:\/\/arkivet.no\/en\/"},{"@type":"ListItem","position":2,"name":"The War Sailor"}]},{"@type":"WebSite","@id":"https:\/\/arkivet.no\/#website","url":"https:\/\/arkivet.no\/","name":"Arkivet","description":"","publisher":{"@id":"https:\/\/arkivet.no\/#organization"},"potentialAction":[{"@type":"SearchAction","target":{"@type":"EntryPoint","urlTemplate":"https:\/\/arkivet.no\/?s={search_term_string}"},"query-input":{"@type":"PropertyValueSpecification","valueRequired":true,"valueName":"search_term_string"}}],"inLanguage":"en-US"},{"@type":"Organization","@id":"https:\/\/arkivet.no\/#organization","name":"Arkivet","url":"https:\/\/arkivet.no\/","logo":{"@type":"ImageObject","inLanguage":"en-US","@id":"https:\/\/arkivet.no\/#\/schema\/logo\/image\/","url":"https:\/\/d12tpop7vdv54s.cloudfront.net\/wp-content\/uploads\/2024\/08\/23110833\/Arkivet-logo-RGB_sort.svg","contentUrl":"https:\/\/d12tpop7vdv54s.cloudfront.net\/wp-content\/uploads\/2024\/08\/23110833\/Arkivet-logo-RGB_sort.svg","caption":"Arkivet"},"image":{"@id":"https:\/\/arkivet.no\/#\/schema\/logo\/image\/"}}]}},"_links":{"self":[{"href":"https:\/\/arkivet.no\/en\/wp-json\/wp\/v2\/pages\/2427","targetHints":{"allow":["GET"]}}],"collection":[{"href":"https:\/\/arkivet.no\/en\/wp-json\/wp\/v2\/pages"}],"about":[{"href":"https:\/\/arkivet.no\/en\/wp-json\/wp\/v2\/types\/page"}],"author":[{"embeddable":true,"href":"https:\/\/arkivet.no\/en\/wp-json\/wp\/v2\/users\/2"}],"replies":[{"embeddable":true,"href":"https:\/\/arkivet.no\/en\/wp-json\/wp\/v2\/comments?post=2427"}],"version-history":[{"count":1,"href":"https:\/\/arkivet.no\/en\/wp-json\/wp\/v2\/pages\/2427\/revisions"}],"predecessor-version":[{"id":2428,"href":"https:\/\/arkivet.no\/en\/wp-json\/wp\/v2\/pages\/2427\/revisions\/2428"}],"wp:featuredmedia":[{"embeddable":true,"href":"https:\/\/arkivet.no\/en\/wp-json\/wp\/v2\/media\/602"}],"wp:attachment":[{"href":"https:\/\/arkivet.no\/en\/wp-json\/wp\/v2\/media?parent=2427"}],"curies":[{"name":"wp","href":"https:\/\/api.w.org\/{rel}","templated":true}]}}

<!-- This site is optimized with the Yoast SEO plugin v27.5 - https://yoast.com/product/yoast-seo-wordpress/ -->
<title>The War Sailor - Arkivet</title>
<meta name="robots" content="index, follow, max-snippet:-1, max-image-preview:large, max-video-preview:-1" />
<link rel="canonical" href="https://arkivet.no/krigsseileren/" />
<meta property="og:locale" content="en_US" />
<meta property="og:type" content="article" />
<meta property="og:title" content="The War Sailor - Arkivet" />
<meta property="og:description" content="The Outdoor Exhibition &#8216;The War Sailor&#8217; The exhibition is located outside ARKIVET and conveys the history of the war sailors, in light of the feature film ‘The War Sailor,’ which was released in the autumn of 2022. On September 15, 2022, the blockbuster film ‘Krigsseileren’ had its grand premiere in Kristiansand. The film was made &hellip; Continued" />
<meta property="og:url" content="https://arkivet.no/krigsseileren/" />
<meta property="og:site_name" content="Arkivet" />
<meta property="article:modified_time" content="2024-10-24T13:01:39+00:00" />
<meta property="og:image" content="https://d12tpop7vdv54s.cloudfront.net/wp-content/uploads/2024/09/19103313/utstilling_krigsseileren-scaled.jpg" />
	<meta property="og:image:width" content="2560" />
	<meta property="og:image:height" content="1707" />
	<meta property="og:image:type" content="image/jpeg" />
<meta name="twitter:card" content="summary_large_image" />
<meta name="twitter:label1" content="Est. reading time" />
	<meta name="twitter:data1" content="1 minute" />
<script type="application/ld+json" class="yoast-schema-graph">{"@context":"https:\/\/schema.org","@graph":[{"@type":"WebPage","@id":"https:\/\/arkivet.no\/krigsseileren\/","url":"https:\/\/arkivet.no\/krigsseileren\/","name":"The War Sailor - Arkivet","isPartOf":{"@id":"https:\/\/arkivet.no\/#website"},"primaryImageOfPage":{"@id":"https:\/\/arkivet.no\/krigsseileren\/#primaryimage"},"image":{"@id":"https:\/\/arkivet.no\/krigsseileren\/#primaryimage"},"thumbnailUrl":"https:\/\/d12tpop7vdv54s.cloudfront.net\/wp-content\/uploads\/2024\/09\/19103313\/utstilling_krigsseileren-scaled.jpg","datePublished":"2023-01-10T13:22:00+00:00","dateModified":"2024-10-24T13:01:39+00:00","breadcrumb":{"@id":"https:\/\/arkivet.no\/krigsseileren\/#breadcrumb"},"inLanguage":"en-US","potentialAction":[{"@type":"ReadAction","target":["https:\/\/arkivet.no\/krigsseileren\/"]}]},{"@type":"ImageObject","inLanguage":"en-US","@id":"https:\/\/arkivet.no\/krigsseileren\/#primaryimage","url":"https:\/\/d12tpop7vdv54s.cloudfront.net\/wp-content\/uploads\/2024\/09\/19103313\/utstilling_krigsseileren-scaled.jpg","contentUrl":"https:\/\/d12tpop7vdv54s.cloudfront.net\/wp-content\/uploads\/2024\/09\/19103313\/utstilling_krigsseileren-scaled.jpg","width":2560,"height":1707,"caption":"nærbilde av tekst om kvinnelige krigsseilere på tekstplansje i utendørsutstillingen \"Krigsseileren\" utenfor ARKIVET"},{"@type":"BreadcrumbList","@id":"https:\/\/arkivet.no\/krigsseileren\/#breadcrumb","itemListElement":[{"@type":"ListItem","position":1,"name":"Home","item":"https:\/\/arkivet.no\/en\/"},{"@type":"ListItem","position":2,"name":"The War Sailor"}]},{"@type":"WebSite","@id":"https:\/\/arkivet.no\/#website","url":"https:\/\/arkivet.no\/","name":"Arkivet","description":"","publisher":{"@id":"https:\/\/arkivet.no\/#organization"},"potentialAction":[{"@type":"SearchAction","target":{"@type":"EntryPoint","urlTemplate":"https:\/\/arkivet.no\/?s={search_term_string}"},"query-input":{"@type":"PropertyValueSpecification","valueRequired":true,"valueName":"search_term_string"}}],"inLanguage":"en-US"},{"@type":"Organization","@id":"https:\/\/arkivet.no\/#organization","name":"Arkivet","url":"https:\/\/arkivet.no\/","logo":{"@type":"ImageObject","inLanguage":"en-US","@id":"https:\/\/arkivet.no\/#\/schema\/logo\/image\/","url":"https:\/\/d12tpop7vdv54s.cloudfront.net\/wp-content\/uploads\/2024\/08\/23110833\/Arkivet-logo-RGB_sort.svg","contentUrl":"https:\/\/d12tpop7vdv54s.cloudfront.net\/wp-content\/uploads\/2024\/08\/23110833\/Arkivet-logo-RGB_sort.svg","caption":"Arkivet"},"image":{"@id":"https:\/\/arkivet.no\/#\/schema\/logo\/image\/"}}]}</script>
<!-- / Yoast SEO plugin. -->

nærbilde av tekst om kvinnelige krigsseilere på tekstplansje i utendørsutstillingen "Krigsseileren" utenfor ARKIVET
